undreds digit of 599?
5
What is the tens digit of 4911?
1
What is the thousands digit of 3365?
3
What is the ten thousands digit of 24164?
2
What is the units digit of 81?
1
What is the thousands digit of 95112?
5
What is the thousands digit of 2690?
2
What is the tens digit of 39105?
0
What is the thousands digit of 7398?
7
What is the units digit of 49798?
8
What is the units digit of 12098?
8
What is the units digit of 604?
4
What is the tens digit of 1040?
4
What is the hundreds digit of 36448?
4
What is the units digit of 1171?
1
What is the units digit of 11561?
1
What is the units digit of 3904?
4
What is the ten thousands digit of 17975?
1
What is the thousands digit of 3266?
3
What is the tens digit of 2833?
3
What is the tens digit of 189878?
7
What is the hundreds digit of 51323?
3
What is the thousands digit of 8863?
8
What is the units digit of 1443?
3
What is the units digit of 3017?
7
What is the tens digit of 6918?
1
What is the units digit of 89251?
1
What is the units digit of 3314?
4
What is the units digit of 32581?
1
What is the units digit of 994?
4
What is the thousands digit of 3504?
3
What is the units digit of 9558?
8
What is the thousands digit of 2470?
2
What is the thousands digit of 1762?
1
What is the tens digit of 1866?
6
What is the thousands digit of 6437?
6
What is the hundred thousands digit of 161250?
1
What is the units digit of 9329?
9
What is the thousands digit of 96373?
6
What is the tens digit of 5929?
2
What is the tens digit of 10093?
9
What is the hundreds digit of 4628?
6
What is the tens digit of 4560?
6
What is the units digit of 338?
8
What is the hundreds digit of 3787?
7
What is the hundreds digit of 483?
4
What is the hundreds digit of 39857?
8
What is the tens digit of 5116?
1
What is the units digit of 694?
4
What is the tens digit of 1126?
2
What is the units digit of 4440?
0
What is the ten thousands digit of 17476?
1
What is the units digit of 1824?
4
What is the tens digit of 143?
4
What is the hundreds digit of 114089?
0
What is the units digit of 2134?
4
What is the tens digit of 2993?
9
What is the hundreds digit of 12346?
3
What is the tens digit of 149?
4
What is the hundreds digit of 449?
4
What is the tens digit of 1936?
3
What is the thousands digit of 3428?
3
What is the thousands digit of 11651?
1
What is the hundreds digit of 5253?
2
What is the hundreds digit of 22003?
0
What is the tens digit of 143605?
0
What is the thousands digit of 5837?
5
What is the tens digit of 8267?
6
What is the thousands digit of 7212?
7
What is the hundreds digit of 39458?
4
What is the thousands digit of 5167?
5
What is the thousands digit of 11583?
1
What is the tens digit of 1241?
4
What is the units digit of 1839?
9
What is the thousands digit of 1352?
1
What is the units digit of 61391?
1
What is the thousands digit of 1269?
1
What is the units digit of 10669?
9
What is the thousands digit of 25072?
5
What is the tens digit of 1904?
0
What is the tens digit of 5762?
6
What is the ten thousands digit of 30894?
3
What is the tens digit of 3417?
1
What is the tens digit of 81940?
4
What is the tens digit of 1054?
5
What is the units digit of 52?
2
What is the ten thousands digit of 24162?
2
What is the tens digit of 8426?
2
What is the thousands digit of 5629?
5
What is the units digit of 51471?
1
What is the tens digit of 1133?
3
What is the ten thousands digit of 30366?
3
What is the units digit of 59182?
2
What is the thousands digit of 65726?
5
What is the tens digit of 9743?
4
What is the hundreds digit of 1360?
3
What is the hundreds digit of 167978?
9
What is the units digit of 26943?
3
What is the thousands digit of 3376?
3
What is the tens digit of 7394?
9
What is the units digit of 235?
5
What is the ten thousands digit of 18054?
1
What is the thousands digit of 25276?
5
What is the hundred thousands digit of 173387?
1
What is the ten thousands digit of 15558?
1
What is the thousands digit of 1532?
1
What is the tens digit of 2217?
1
What is the units digit of 222?
2
What is the units digit of 2557?
7
What is the units digit of 7709?
9
What is the tens digit of 364?
6
What is the tens digit of 161?
6
What is the thousands digit of 5768?
5
What is the tens digit of 79?
7
What is the units digit of 1676?
6
What is the thousands digit of 3335?
3
What is the hundreds digit of 2628?
6
What is the tens digit of 67729?
2
What is the tens digit of 688?
8
What is the ten thousands digit of 43081?
4
What is the units digit of 6487?
7
What is the tens digit of 11225?
2
What is the hundreds digit of 139?
1
What is the tens digit of 19456?
5
What is the hundreds digit of 564?
5
What is the tens digit of 370?
7
What is the units digit of 59830?
0
What is the units digit of 84155?
5
What is the units digit of 44?
4
What is the units digit of 813?
3
What is the tens digit of 15091?
9
What is the hundreds digit of 8137?
1
What is the tens digit of 2128?
2
What is the thousands digit of 151962?
1
What is the hundreds digit of 3782?
7
What is the tens digit of 788?
8
What is the hundreds digit of 753?
7
What is the thousands digit of 2957?
2
What is the hundreds digit of 77044?
0
What is the ten thousands digit of 87037?
8
What is the tens digit of 561?
6
What is the units digit of 14728?
8
What is the thousands digit of 1503?
1
What is the ten thousands digit of 78919?
7
What is the hundreds digit of 1277?
2
What is the units digit of 46280?
0
What is the hundreds digit of 9620?
6
What is the hundreds digit of 4408?
4
What is the tens digit of 226?
2
What is the tens digit of 39229?
2
What is the units digit of 3953?
3
What is the hundreds digit of 40286?
2
What is the ten thousands digit of 62438?
6
What is the tens digit of 968?
6
What is the hundreds digit of 3217?
2
What is the tens digit of 12313?
1
What is the hundreds digit of 341?
3
What is the tens digit of 73?
7
What is the hundreds digit of 1603?
6
What is the hundreds digit of 1268?
2
What is the units digit of 7526?
6
What is the ten thousands digit of 64548?
6
What is the units digit of 2637?
7
What is the tens digit of 7566?
6
What is the thousands digit of 1452?
1
What is the tens digit of 890?
9
What is the hundreds digit of 5406?
4
What is the units digit of 11?
1
What is the thousands digit of 1464?
1
What is the tens digit of 20333?
3
What is the ten thousands digit of 48771?
4
What is the ten thousands digit of 64222?
6
What is the ten thousands digit of 46320?
4
What is the units digit of 107?
7
What is the units digit of 15480?
0
What is the hundreds digit of 400?
4
What is the tens digit of 4392?
9
What is the hundreds digit of 1301?
3
What is the units digit of 1067?
7
What is the units digit of 9244?
4
What is the units digit of 2234?
4
What is the tens digit of 2606?
0
What is the tens digit of 6677?
7
What is the hundreds digit of 102361?
3
What is the hundreds digit of 1871?
8
What is the hundreds digit of 3345?
3
What is the units digit of 586?
6
What is the tens digit of 2456?
5
What is the tens digit of 847?
4
What is the hundreds digit of 4690?
6
What is the thousands digit of 2408?
2
What is the tens digit of 1611?
1
What is the thousands digit of 3738?
3
What is the units digit of 1300?
0
What is the units digit of 2366?
6
What is the tens digit of 7271?
7
What is the tens digit of 24451?
5
What is the hundreds digit of 2538?
5
What is the tens digit of 2418?
1
What is the units digit of 1558?
8
What is the thousands digit of 1339?
1
What is the thousands digit of 1149?
1
What is the tens digit of 1855?
5
What is the thousands digit of 2584?
2
What is the units digit of 6552?
2
What is the hundreds digit of 584?
5
What is the tens digit of 7634?
3
What is the units digit of 4695?
5
What is the thousands digit of 88077?
8
What is the tens digit of 8096?
9
What is the hundreds digit of 39040?
0
What is the ten thousands digit of 43366?
4
What is the ten thousands digit of 60875?
6
What is the thousands digit of 1469?
1
What is the units digit of 19805?
5
What is the units digit of 920?
0
What is the hundreds digit of 8565?
5
What is the hundreds digit of 226?
2
What is the ten thousands digit of 100761?
0
What is the hundreds digit of 291?
2
What is the units digit of 14630?
0
What is the thousands digit of 2108?